o(3). Let d = -7 - -7. Suppose 3*j - 2*x - 71 + 4 = d, -5*x - 94 = -4*j. Calculate the highest common factor of m and j.
21
Suppose -13 = i - 9, v = -2*i + 11. What is the highest common factor of 19 and v?
19
Let t be 12/((-120)/50) - -13. Let n(x) be the first derivative of -5*x**2/2 + 4*x - 6. Let c be n(-4). Calculate the greatest common divisor of t and c.
8
Let o(u) = 8*u - 222 + 421 - 134. Let z be o(-5). Suppose 5*v = 2*m + 498, -v - 3*v - 5*m + 405 = 0. Calculate the greatest common factor of z and v.
25
Let z(t) = -15*t - 20. Let v be z(-1). Let o = v + 155. What is the greatest common factor of 50 and o?
50
Suppose -6*n + 66 = 4*i - 7*n, 2*i + n = 42. Calculate the greatest common divisor of i and 240.
6
Let r(g) = 8 + 11*g**2 + 8*g + 0 - 17*g**3 + 19*g**3. Let l be r(-4). Let m(d) = -d**2 - d + 8. Let p be m(0). What is the greatest common divisor of p and l?
8
Suppose 0 = 14*n + 47685 - 118189. Calculate the highest common divisor of 4 and n.
4
Suppose 0 = -2*m + t + 16, 4*m = -2*t + 32. Suppose -m*o = -0*o. Suppose -8 = -3*r - 2*p, 4*r + 4*p + o*p = 4. What is the greatest common factor of r and 66?
6
Let h be ((-1112)/(-3))/((-2)/6). Let j = -345 - h. Calculate the greatest common factor of j and 59.
59
Suppose -4*z + 16*z + 1812 = 0. Let h = z - -208. Let w(l) = -l**2 - 8*l - 4. Let j be w(-7). What is the highest common divisor of h and j?
3
Suppose s + 1419 = 4*s - 3*l, 3*s + 5*l - 1403 = 0. Suppose 0 = -o + 4*o - 3*t - 342, 4*o - s = -t. Calculate the greatest common divisor of o and 13.
13
Let r(x) = -x**2 - 12*x + 20. Let u be r(-9). Let y = u + -23. Suppose -20*w = -18*w - y. What is the greatest common divisor of w and 30?
6
Let d(p) = 317*p - 128. Let h be d(-2). Suppose -27 = 2*w + w. Let g be (-3)/w - h/9. Calculate the highest common factor of 34 and g.
17
Let i be (-10 - 304/(-24))/(4/6). Let w be i + (-5 - 5) - -370. What is the highest common factor of w and 13?
13
Let j(n) = -81*n - 4. Let b be j(1). Let y = b + 162. What is the highest common factor of 33 and y?
11
Let v(b) = 4*b + 69. Let l be v(-11). Let n(c) = c**3 + 7*c**2 - 9*c - 3. Let k be 1/4 - 66/8. Let o be n(k). What is the highest common factor of l and o?
5
Suppose -2*t + 167 = 5*b, 28*b - 25*b + 2*t = 101. Calculate the greatest common factor of 1430 and b.
11
Let v be (2 - 4) + 1 + 6768 - (-55 + 55). Calculate the greatest common divisor of 101 and v.
101
Let r be (3 + (-321)/9)/(2/(-3)). Let u be -18*(5 + -8 + 80/(-6)). Calculate the highest common divisor of r and u.
49
Let g(v) = -v - 9. Suppose -8*f = -3*f - 5. Let u be (-5 - -8) + f + -16. Let d be g(u). What is the greatest common divisor of 24 and d?
3
Suppose t - 5*d + 1715 = 9555, 5*d - 23660 = -3*t. What is the greatest common divisor of 63 and t?
63
Suppose v - 29 = 11. Suppose -48*b + 192 = -v*b. Let x = 64 - 61. What is the greatest common divisor of x and b?
3
Let r(b) = 269*b - 1130. Let t be r(5). Calculate the highest common divisor of 15 and t.
5
Suppose 110 = -3*f + 56. Let i be (f/12)/((-6)/544). Calculate the highest common divisor of 68 and i.
68
Let d be 4/(-1) - -13 - (-14 + -15). Calculate the highest common divisor of d and 2603.
19
Let w be 1332/16 + -3 + (3 - (-26)/(-8)). Calculate the highest common factor of w and 15160.
40
Let n(d) be the second derivative of -d**4/12 - 3*d**3/2 - 7*d**2 + 14*d. Let t be n(-5). Let k = -1 + t. Calculate the greatest common factor of 35 and k.
5
Let x be 15 - (15 - 8 - -3). Let t(z) = -2*z + 1. Let n be t(-1). Suppose -12 = n*k - 252. Calculate the highest common divisor of x and k.
5
Let l be (-108 + -2)*(-21)/6. Let w be 32 + -1 + (44 - 37) + 1*-3. Calculate the highest common divisor of w and l.
35
Suppose -717 = -51*q + 370 - 67. What is the highest common factor of q and 4820?
20
Let n(w) = -89*w**3 - 3*w**2 - w + 3. Let c be n(1). Let z be (5 - c/(-20))/((-1)/(-54)). What is the greatest common factor of 9 and z?
9
Suppose 3*t - 16 = -1. Suppose 3*p = -2*l + 1123, -3*l + 6*l + 389 = p. Let k = p - 337. Calculate the highest common factor of t and k.
5
Let s = -33004 + 33006. Calculate the highest common factor of s and 255.
1
Suppose 0*h - 15*h + 238 = 2*h. Calculate the greatest common divisor of 4354 and h.
14
Let o(y) = 18*y**3 + 7*y**2 - 10*y - 21. Let i be o(6). What is the highest common factor of 297 and i?
99
Suppose 10*d - 5*d = s - 45, 0 = s + 4*d. Let x be 6/(-3) - (-16)/(-12)*-24. What is the greatest common divisor of x and s?
10
Let q = 318 + 831. Calculate the highest common divisor of 3 and q.
3
Suppose 4*u - 220 = -3*y, -3*y = 6*u - 223 + 1. Calculate the highest common divisor of 16 and y.
8
Let i(l) = -5*l + 37. Let j be i(7). Suppose -j*c + r + 92 = 0, 2*r + 3*r = 5*c - 240. Calculate the highest common divisor of c and 374.
22
Suppose 4*t = -2*b + 552, 3*b + 5*t - 961 = -138. Calculate the highest common factor of 434 and b.
14
Suppose 0 = 6*j + 67 - 43. Let k be -63*j/12 - 0/2. Let t be (-72)/(-54)*k/1. Calculate the highest common divisor of 126 and t.
14
Let i be ((-40)/14)/(24/(-84)). Let l be 117 - 3 - ((5 - i) + 5). What is the greatest common factor of l and 76?
38
Let a be 148/222*(-306)/(-4). Calculate the highest common divisor of a and 289.
17
Let t = 291 + -245. Suppose 5*c - t + 21 = 0. What is the highest common factor of c and 10?
5
Suppose 722*f - 728*f = -6. Suppose -586 = n + 6134. Let y be (n/(-5))/8 + f*2. What is the greatest common factor of y and 34?
34
Suppose -5*d - 40 = 255. Let u = -33 - d. Let s be 3/(6/u) + (3 - 7). What is the greatest common factor of 144 and s?
9
Suppose 4*c + 7 = 3*c. Let y(g) = 2*g + 14. Let k be y(c). Suppose -p + 435 - 116 = k. Calculate the greatest common divisor of 29 and p.
29
Let v(n) = -n - 14. Let k be v(-17). Suppose 0 = -5*g + k*h + 299, -8*h = -6*h + 6. What is the highest common factor of 232 and g?
58
Let r(x) = 64*x**2 + 13*x + 118. Let k be r(-5). Calculate the highest common factor of 348 and k.
87
Let c(m) = -43*m**3 - m**2 - m + 1. Let x be c(1). Let j = -25 - x. Suppose 11556 = 212*p - 528. What is the highest common factor of p and j?
19
Let b be ((-28)/(-5))/((-22)/(-220)). Suppose 0 = 3*l + i + b, 5*l - i + 34 = -62. Let x = l - -27. Calculate the greatest common factor of 8 and x.
8
Let f(j) = 15*j + 35. Let v be f(5). Let y be (-10)/v - 2158/(-22). What is the highest common divisor of 42 and y?
14
Suppose 3*s - 5*s + 170 = 3*n, 3*s - 200 = n. Let j be 129/(3 - 0) - 1. Calculate the highest common divisor of j and s.
14
Let y = -23508 - -24166. What is the highest common divisor of y and 2162?
94
Let b = 10972 - 10932. Calculate the greatest common factor of 1130 and b.
10
Let m = -9702 + 9707. Let s = 39 + 126. What is the highest common divisor of s and m?
5
Suppose -37*b + 42*b = -d - 71, -21 = 3*b. Suppose 4*n + 2*r = 6*r + 156, -3*r = -4*n + 155. Let k = d + n. What is the greatest common divisor of k and 5?
1
Let u(z) = 6*z**2 + 3*z. Let f be u(4). Suppose -361 = 6*h - 901. Calculate the greatest common divisor of h and f.
18
Let x(b) be the second derivative of 6*b**5/5 - b**4/2 + b**3 - 2*b**2 - 187*b - 2. Let k be x(3). What is the highest common divisor of k and 19?
19
Suppose x + 4*h = 690, 3*h + 51 - 33 = 0. What is the greatest common factor of x and 350?
14
Let m be (7/(-2))/(3*1/12). Let p be ((-1043)/m)/((-3)/(-78)). Suppose 606 = -11*x + p. What is the highest common factor of x and 11?
11
Let u be 1/(3 + 2 - 7/((-448)/(-318))). Calculate the greatest common factor of u and 5792.
32
Let z(g) = -g**3 - 12*g**2 - 5*g + 31. Let k be z(-11). Let t = -32 - k. Calculate the greatest common factor of 39 and t.
3
Let h(n) = 22*n**2 - 2 + 1 - 9 + 12 + n. Let d be h(4). Let c be 2/9 + d/9. Calculate the highest common factor of c and 4.
4
Suppose -88*p = -3*p - 5100. Calculate the greatest common divisor of p and 615.
15
Let a = 1214 + -446. Calculate the greatest common divisor of a and 3.
3
Suppose 0 = 27*t - 10741 - 35915. Let j = t + -918. What is the greatest common factor of 10 and j?
10
Let f(p) = 2*p**3 - 12*p**2 + 2*p + 12. Let h be f(8). Let g be 1211/3 + 12/36. Let l = g - h. What is the highest common factor of 15 and l?
15
Suppose 0 = 12*x - 0 - 48. Suppose 6*q - 3*j = 4*q + 201, -4*j = x*q - 432. Calculate t